
False
Let c(n) = 225*n + 101. Is c(14) a composite number?
False
Let z(p) = 41*p. Suppose -5*w = -4*r + 62, 0 = -0*r + r + 5*w - 28. Let b = r + -11. Is z(b) a prime number?
False
Let p(q) = q**3 + 13*q**2 + 7*q - 2. Let m be ((-280)/6)/4 - (-8)/12. Is p(m) composite?
False
Suppose -3*g + 14 = 5. Suppose -2*w = r - 5*w - 481, g*r + 4*w = 1495. Is r a prime number?
False
Suppose -6*p + 2*p - 8 = -2*l, 2*p - 2 = 0. Suppose -l*n - 439 = -1417. Is n a prime number?
True
Let k(l) = -l. Let i be k(-2). Let q(c) = i*c + 7 + c - 4*c**2 + c**3 - 6*c - 2*c. Is q(8) composite?
False
Suppose 2*d - 291 = 7903. Is d composite?
True
Let g(y) = y**3 - 11*y**2 - 25*y - 12. Let r be g(13). Is 15406/10 + r/((-10)/(-4)) composite?
True
Let b = -4 + 2. Let k be 840 - (b + 6 + -8). Suppose -5*m + k = -m. Is m composite?
False
Suppose -q = 4, -7*q - 2778 = -2*g - 2*q. Is g a composite number?
True
Let m(h) = 141*h - 4. Suppose -3*v = -7*v. Suppose -8 = -4*l + 4*k, v = 4*l - k - 2*k - 9. Is m(l) composite?
False
Suppose 8*w - 9*w + 5*l = -1380, 0 = 2*w + 3*l - 2773. Is w prime?
False
Suppose -h = 3*v + 355, 0 = -2*v + h - 91 - 149. Let b = 198 + v. Is b a composite number?
False
Let f = 91 + -4. Let p(v) = 13 + f*v + 6 + 0. Is p(6) a composite number?
False
Is ((-3)/((-12)/(-17)))/((-2)/232) prime?
False
Let g = 182 - 122. Suppose 519 - g = 3*z. Suppose 0 = l + 2*l - z. Is l composite?
True
Let z(l) = 50*l**2 - 6*l + 11. Is z(-6) composite?
False
Suppose -5*l + 1632 = 3*k + 19, -2*k - 4*l + 1076 = 0. Let a = 1183 - k. Is a prime?
True
Let p = 251 + -108. Suppose -b - k + p = 4*k, 4*k = 12. Is (-4)/4 - b*-1 prime?
True
Suppose d - 5*j = -0*d - 28, -2*d = -5*j + 31. Let m be ((d - -3) + -7)*-1. Is 411/m + 12/42 prime?
True
Suppose 0*i = -2*i - 2*a + 360, -4*i + 755 = -3*a. Let z = i + -130. Is z composite?
True
Let v(s) = 272*s - 275. Is v(6) prime?
False
Let d(k) = 5*k**3 + 4*k**2 - 3*k - 1. Let j(y) = -11*y**3 - 8*y**2 + 7*y + 1. Let r(z) = -13*d(z) - 6*j(z). Is r(11) prime?
True
Let v(q) = q**2 - 4*q - 9. Let s be v(5). Let n(p) = -2*p + 4. Let c be n(s). Is ((-8)/c)/(8/(-2292)) a prime number?
True
Let m(k) = 1853*k**2 - 16*k + 5. Is m(-4) prime?
True
Is (-468644)/33*30/(-8) a prime number?
False
Let k(u) = -135*u**3 + 2*u**2 + 8*u - 2. Is k(-3) a composite number?
False
Let d(z) = z**3 + 4*z**2 - 7*z - 2. Let j be d(-5). Suppose -r + j = -4. Is 2/8 - (-225)/r composite?
False
Suppose 5*x - 4*o - 11160 = 3*x, 3*x - 16738 = 5*o. Suppose 3*k - x = -4*f, 4575 = 4*f - 4*k - 1029. Is f composite?
True
Suppose 0 = 2*y + 2*o - 3*o + 315686, y - 4*o + 157829 = 0. Is (-4)/18 - y/135 a composite number?
True
Suppose -8 = -2*l + 16. Suppose l*i = -1656 + 4500. Is i prime?
False
Is -8 - 2/(5/(-2290)*4) a prime number?
False
Suppose -2*j - 2 = -3*s - 8, 4 = j - s. Suppose j*c - 6806 = 6688. Is c composite?
True
Suppose d - 1 = -d - 5*x, 5*d - 5*x = 20. Suppose d*k + 489 = 6*k. Is k prime?
True
Let l(x) = 2*x - 1. Let d be l(3). Let w be 8/(-20) - 33/d. Let s(y) = -y**3 - 5*y**2 - 8*y + 4. Is s(w) prime?
False
Suppose -2*z - 2*h = -1205 - 4431, 0 = 2*h + 2. Is z prime?
True
Let i(c) = 83*c**2 - 33*c + 13. Is i(-6) composite?
True
Let r(h) = 32*h**2 + 5*h - 11. Let w(f) = 5*f**2 - 3*f + 2. Let p be w(1). Is r(p) a composite number?
False
Let m(z) = -z**3 - 13*z**2 + 1. Let v(o) = o**3 - 7*o**2 + 5*o - 7. Let h be v(6). Let b be m(h). Is (-1)/(-1*b/299) prime?
False
Let v(n) = -n**3 + 13*n**2 + 17*n - 30. Let w be v(14). Suppose w*s - 15*s + 93 = 0. Is s a composite number?
False
Let q(b) = 1. Let p be 4*1 - (4 + 2). Let h(l) = -261*l + 6. Let d(w) = p*q(w) + h(w). Is d(-3) prime?
True
Let n(i) = -121 - 2*i - i**3 + 124 + 13*i**2 - i. Is n(12) prime?
False
Suppose -y + 2*a + 577655 = 4*y, -4*y - 2*a = -462124. Is y prime?
False
Let l(a) = 40*a**2 + 2*a - 51. Is l(-7) a prime number?
False
Let a(l) = -7*l**3 + l**2 + 2*l + 2. Let u be a(-1). Is -1 - (-10)/u - (-247779)/228 composite?
False
Suppose -2*n - 4*d + 69314 = 0, -2*n - n + 103943 = -d. Is n prime?
True
Let k(y) = y**2 - 5*y + 6. Let u be k(5). Suppose i = -2*i + u. Suppose 0 = -2*m - i*m + 4*d + 188, -2*m = 5*d - 94. Is m composite?
False
Let s = 50 + -86. Let y = s - -55. Is y prime?
True
Suppose 9*b + 10942 = 11*b. Is b a composite number?
False
Let k(c) = 2*c**2 - 9*c + 2. Suppose y - 4*y - 63 = 0. Let o = y + 28. Is k(o) prime?
True
Let a(i) = i**3 + 12*i**2 - 9*i. Suppose 0 = -3*s + 2*s - 13. Let o be a(s). Let g = o - -83. Is g prime?
True
Suppose -2*x - 5*n = -397, 4*n = 5*x - 365 - 578. Is x a composite number?
False
Suppose -2*z + 4 = 6. Let m be (-2*103 - 0)/z. Let q = m - 57. Is q a composite number?
False
Suppose 0 = -h + 1 - 3. Let o(f) = -3*f**2 - 6*f - 3. Let u be o(h). Is -2 - -24 - (u + 6) a prime number?
True
Let f(t) = -519*t + 13. Let w be f(-3). Suppose 6*u - u = w. Is u prime?
False
Let v(r) = -r + 6. Let s be v(0). Let c = 3121 + -2191. Suppose s*b = c + 954. Is b composite?
True
Suppose -o + 1110 + 32297 = -4*l, 2*l = -o + 33401. Is o prime?
True
Let m(k) = -k - 1. Let o be m(4). Let d(b) = -2*b**2 - 4*b + 2. Let w be d(o). Is (-270)/(-14) + 8/w a prime number?
True
Let u(q) = q + 1. Let b be u(4). Let z(m) = 6*m**2 + 8*m - 8. Let p(v) = 5*v**2 + 7*v - 7. Let o(h) = -7*p(h) + 6*z(h). Is o(b) a composite number?
True
Let c be 0 - 2*11*(-12)/(-6). Is 11/c - 4549/(-4) composite?
True
Suppose 0*p = -4*p + 36. Let o be ((-5)/2)/(p/(-18)). Let i(a) = 8*a + 7. Is i(o) prime?
True
Suppose 2*d - 2*l - 1560 = -3*l, -d + 2*l + 780 = 0. Suppose -x = 2*x - d. Suppose -4*c = 8, 3*u + 57 = c + x. Is u prime?
True
Suppose -5*d - 5*p + 15420 = 0, d - 1468 - 1610 = 5*p. Is d composite?
False
Let r(d) = d**2 - 13*d + 25. Let v be r(10). Is v/5 - 13*-50 composite?
True
Suppose 22 = -o + 5*o - 5*l, -o - 3*l - 3 = 0. Let u(i) = 417*i - 8. Is u(o) a prime number?
False
Let l be -4 + (1352/2)/2. Suppose -3*w + w + l = 0. Suppose 3*b - 112 - w = 0. Is b a composite number?
True
Suppose -3*k + 12 = -4*z, -3*z + 30 = 5*k + 10. Suppose -5*m + 7565 = 5*d, k*m - 2426 - 3608 = 5*d. Is m a composite number?
False
Let h(o) = 2*o + 17. Let l be h(-9). Is (-1041)/5*(8 + 13/l) composite?
True
Let l be (4/3)/((-3)/(-873)). Suppose 0 = -2*c + l + 550. Is c prime?
False
Suppose b + 5*s - 7*s - 14487 = 0, 3*s + 28975 = 2*b. Is b a composite number?
False
Let t = -1 - -3. Let c be (-7 + (5 - 2))/t. Let y(j) = -167*j + 1. Is y(c) composite?
True
Suppose 0 = 6*s - s - 5*y - 745, 12 = 4*y. Suppose -3*k + s = -73. Is (-2 - -3) + (k - 2) a composite number?
True
Let u = 1585 + 3197. Suppose -u = -j - 5*j. Is j prime?
True
Is (-1 + 268)/(-4 - 94/(-22)) a prime number?
False
Suppose 2*t - 7*t = 5*f - 1360, -271 = -f - 2*t. Suppose 3*c - 5*j - f = 0, -5*j + 2*j + 364 = 4*c. Let k = c + -12. Is k a prime number?
True
Is (10832/(-24))/((-2)/15) a composite number?
True
Let g = 110 - -17. Suppose 3*z + w = 533, -2*w - g - 53 = -z. Is z prime?
False
Suppose 3*j = 0, 3*c + 17*j - 21*j - 127527 = 0. Is c prime?
True
Suppose -74*h + 2580894 = -306512. Is h a composite number?
False
Is (-5*(-3)/15)/((-1)/(-7115)) composite?
True
Suppose -2*d + 66 = -9304. Is d prime?
False
Is (-52)/286 + (-5790)/(-22) a prime number?
True
Suppose 7*z - 3*z - 68 = 0. Suppose -z*r + 14180 = 3*r. Is r a prime number?
True
Suppose -4*u - 8 - 8 = 0, u - 387 = -a. Is a prime?
False
Let r be 6/(-3) + -4 - 3. Let c(i) be the second derivative of -7*i**3/3 - 7*i**2/2 + 2*i. Is c(r) a prime number?
False
Let t = -62 - -69. Suppose 413 - 6678 = -t*x. Is x a prime number?
False
Let f(h) = h**2 - 5*h - 3. Let n be f(6). Suppose 8*d = n*d + 770. Let x = 193 + d. Is x prime?
True
Suppose 0 = -2*u + 2904 + 14. Is u a prime number?
True
Let c = 5925 + 10744. Is c a prime number?
False
Let s be (-9)/6 + (-36825)/(-10). Suppose w - 308 = s. Is w a composite number?
False
Let m be 1/((-49)/(-16) + -3). Let g = -17 + m. Is (-130)/(2 + 0)*g a prime number?
False
Let b be (1 - -141) + (-9)/3. Is ((-2)/(-2))/(1/b) a prime number?
True
Let s = 37 - 39. Is (-6167)/(-9) + s/9 composite?
True
Let n be 38/(-6) - (-1)/3. Let p(r) be the third derivative of -r**4/3 + 5*r**3/6 - 2*r**2 + 45*r. Is p(n) a prime number?
True
Is (463/(-3))/((-61)/3111) a prime number?
False
Suppose 6*x - 29717 = 20407